e the remainder when 29*(-2)/(-4)*2 is divided by 11.
7
Let d(v) = v - 2 - 2*v + 4. Calculate the remainder when 34 is divided by d(-7).
7
Let c = -12 + 40. What is the remainder when 221 is divided by c?
25
Suppose 0 = -a + 4*a. Let l(w) = -w + 59. What is the remainder when l(a) is divided by (-2)/6 - (-122)/6?
19
Let i = 8 + 21. Calculate the remainder when 143 is divided by i.
27
Let p(t) = 7*t - 2. Let r(k) = 11*k**3 + 2*k**2 - k - 1. Calculate the remainder when p(3) is divided by r(1).
8
What is the remainder when 2 - 1*(-2 - 129) is divided by 34?
31
Let g(p) = p**3 - 24*p**2 + 3*p - 1. What is the remainder when g(24) is divided by 25?
21
Suppose -3*f + 173 + 112 = 3*o, 5*f - 487 = -2*o. Let h = 175 - f. Calculate the remainder when h is divided by 26.
24
Suppose 3*s + 8 = -r, -3*s + 6*s + 12 = 0. What is the remainder when 4 is divided by r?
0
Suppose -2*y = 3*y - 15. Suppose 12 = 4*a + 5*n, y*n - 6 + 18 = 0. Suppose 0 = -2*f - 10, -c - 4*f - 8 = 3*c. What is the remainder when a is divided by c?
2
Suppose 6*r - 14 = 4*r. Calculate the remainder when 26 is divided by r.
5
Let k(g) = -g**3 + 10*g**2 - g + 21. What is the remainder when 20 is divided by k(10)?
9
Let p(b) be the third derivative of b**5/60 - b**4/3 + 4*b**3/3 - b**2. Let h be p(8). Let z = h - -14. What is the remainder when z is divided by 12?
10
Suppose 0 = p + p - 38. What is the remainder when p is divided by 10?
9
Suppose 4*k = -3*x + 185, 3*k - 3*x - 117 = 2*x. Calculate the remainder when k is divided by 6.
2
Let o(b) = -11*b + 4. Calculate the remainder when o(-7) is divided by 21.
18
Let w = 138 - 80. Let b = w - 21. What is the remainder when b is divided by 13?
11
Let w = 0 + 0. Let d = 16 - -13. What is the remainder when d is divided by -2 + w + 3 + 14?
14
Let q(g) = g - 2. Calculate the remainder when q(4) is divided by 2.
0
Let s(a) = a**2 + 4*a + 7. Let k be s(-8). Suppose -9 = -3*b, 3*b + k = n + 3*n. Suppose n = -0*p + 2*p. What is the remainder when 21 is divided by p?
3
Suppose -3*d - d + 120 = 0. Suppose 7*w = 2*w + d. Calculate the remainder when w is divided by 4.
2
Let b = 11 + -21. Let i = 36 + b. Calculate the remainder when 77 is divided by i.
25
Suppose -8*a + 5*a + 33 = 0. Let d = a + -9. Suppose 3*p + 4 = k, -k - 5*p + 2*p - 2 = 0. What is the remainder when d is divided by k?
0
Let y = 9 - -3. Let w(b) = 13 - b**3 + b**2 + b + 21 + 2*b**3. What is the remainder when w(0) is divided by y?
10
Suppose 0*w = -w + 10. Let n(t) = t**2 - 7. Calculate the remainder when n(-6) is divided by w.
9
Suppose -4*c + 22 = -m, c + 4*m + 1 = m. What is the remainder when 17 is divided by c?
2
Suppose 0 = 3*a - j - 29, 5*a - 75 = -2*j - 3*j. Calculate the remainder when 53 is divided by a.
9
Let v = 11 - -3. Suppose 3*o = -5*w + 2, o = 4*o + 4*w - 4. Suppose 4*t = -o*x, -5*t - 6*x = -2*x - 5. What is the remainder when v is divided by t?
4
Suppose 0 = 3*j - 6*j. Suppose -u + 4*u - 6 = j. What is the remainder when 4 is divided by u?
0
Let w be 6/(-8) + 45/(-20). What is the remainder when 17 is divided by (18/w)/((-6)/9)?
8
Suppose 0 = j + j + 3*u - 45, -j = -5*u + 10. What is the remainder when 28 is divided by j?
13
Suppose 14 = -4*i + 62. What is the remainder when 34 is divided by i?
10
Let h = 55 + -41. Calculate the remainder when 25 is divided by h.
11
Let b = 4 - 2. Suppose 0 = 5*u - b*u - 33. Calculate the remainder when 19 is divided by u.
8
Let a(w) = -8*w + 29. Calculate the remainder when a(-17) is divided by 24.
21
Let s(m) = m**3 - 6*m**2 - 4*m - 6. What is the remainder when 42 is divided by s(7)?
12
Suppose -3*u = 1148 - 200. Let p be 2/(-3) + u/(-6). Suppose m = 5*m - p. What is the remainder when m is divided by 5?
3
Suppose 35 = 2*c - 3*f, 3*c = -0*f - 2*f + 46. Suppose 20 = 4*y - c. What is the remainder when 34 is divided by y?
7
Let h = -23 - -36. What is the remainder when h is divided by 5?
3
Suppose 0 = 4*d - 2*c - 48, -4*d + 28 = 3*c - 0*c. What is the remainder when 12 is divided by d?
2
Suppose 12*r - 40 = 68. Calculate the remainder when r is divided by 4.
1
Suppose -10*s - 6 = -11*s. Let z = 2 - -1. What is the remainder when s is divided by z?
0
Let g(l) = l**3 + 10*l**2 + 13*l + 2. Let u be g(-9). Let r = -61 - u. Calculate the remainder when (-453)/(-27) + (-6)/r is divided by 9.
8
Suppose -1 - 9 = -5*b. Suppose 0 = -5*h + 4*k + 43 + 7, 0 = -h + b*k + 16. Suppose 1 = -2*m + 33. What is the remainder when m is divided by h?
4
Let o be 0/(-2) - (-7 - -4). Suppose 3*c - o*w = 27, -4*c + 37 = -w - 2*w. Calculate the remainder when 2/2 + 25 - -2 is divided by c.
8
Let d = 10 + 13. Let j = d - 11. Calculate the remainder when j is divided by 7.
5
Suppose -2*q - 4*g = -14, 5*q - 4*g + 7*g - 70 = 0. Let a(h) = -h + 26. Calculate the remainder when a(-22) is divided by q.
14
Let o be 1/(-1 - (-9)/6). Calculate the remainder when 108/(-10)*(-5)/o is divided by 15.
12
Let l = -3 + 9. Calculate the remainder when (1 - 3) + -2 + 13 is divided by l.
3
Let d(j) = -j**3 - 11*j**2 + 4. Let i be d(-11). Suppose i = -2*r + 112. What is the remainder when r is divided by 14?
12
What is the remainder when 130 is divided by (1/((-12)/57))/(1/(-4))?
16
Suppose 8*s - 382 - 506 = 0. What is the remainder when s is divided by 28?
27
Suppose 0 = -2*n + 4*u + 4, 4*n - 67 = -u - 23. Calculate the remainder when 17 is divided by n.
7
Suppose -230 - 240 = -5*t. Calculate the remainder when t is divided by 24.
22
Let i(g) = 19*g**2 + 2*g - 1. Let p be i(1). Let m = -5 + p. What is the remainder when 44 is divided by m?
14
Let t(j) = j**3 - 19*j**2 + 4*j - 20. What is the remainder when t(19) is divided by 29?
27
Suppose 4*r = 4*l - 248, -2*r + 2*l = -3*r - 47. Let j = -24 - r. What is the remainder when j is divided by 12?
9
What is the remainder when 4/34 - ((-1834)/17 - -4) is divided by 53?
51
Let a(y) = y**2 + y + 2. Let g(s) = s**2 + s + 3. Calculate the remainder when g(-4) is divided by a(2).
7
Let v = 58 + -15. What is the remainder when v is divided by 23?
20
Calculate the remainder when 2 + -2 + (-272)/(-4) is divided by 18.
14
Let l = -10 + 16. Suppose -297 = -l*b + 3*b. What is the remainder when b is divided by 34?
31
Suppose -44*v = -43*v - 5. Calculate the remainder when v is divided by (0/1 + -2)*-2.
1
Let u(l) = -l**2 + 6*l + 4. Suppose r + 15 = 2*m, 4*m = 5*m + 4*r + 6. Calculate the remainder when m is divided by u(6).
2
Let r = -42 + 50. Suppose -3*m = 14 - 71. Calculate the remainder when (0 + -9)/((-2)/r) is divided by m.
17
Calculate the remainder when (1 - -2) + -1 + 60 is divided by 16.
14
Suppose -2*c - c - 15 = 0. Let h(v) = -v**2 - 3*v + 6. Let f be h(c). What is the remainder when 20/(-6)*f*3 is divided by 14?
12
Let n(k) be the third derivative of 7*k**4/24 - k**3/2 - k**2. Let h be n(3). Suppose -3*g + 60 = -h. Calculate the remainder when g is divided by 9.
8
Let d be (77/(-14))/((-2)/(-4)). Let n = 12 - d. Calculate the remainder when n is divided by 8.
7
Let j(l) = -3*l - 2 + l**2 + 6 + 0*l. What is the remainder when j(9) is divided by 15?
13
Let s(d) = d + 18. Suppose 2*t = 5*t + 6. Let c = -6 + t. What is the remainder when 18 is divided by s(c)?
8
Let x(r) = 7*r**2 - 11*r + 12. Let z(c) = -20*c**2 + 32*c - 35. Let d(h) = -17*x(h) - 6*z(h). Calculate the remainder when 1/3 - (-28)/6 is divided by d(4).
1
Suppose 3*x = -h - 13, -3*h - x + 0*x + 1 = 0. Suppose 0 = -0*m + 2*m + p - 16, 8 = -4*p. Let w = m - h. Calculate the remainder when 13 is divided by w.
6
Let r be (0 + 0)/(3 + -5). Let f = 1 + r. Let i(v) = v**3 + 5*v**2 - 5*v + 8. Calculate the remainder when i(-6) is divided by f.
0
Suppose -108 = -12*x + 3*x. Calculate the remainder when 71 is divided by x.
11
Let z(o) = 12*o**2 - 2*o - 1. Calculate the remainder when 169 is divided by z(2).
40
Suppose 4*d - 16 = 2*v, -v - 1 = 1. Let j = -22 - -26. What is the remainder when j is divided by d?
1
Suppose 5*s = s + 128. What is the remainder when 125 is divided by s?
29
Let j(c) be the third derivative of c**5/30 + 7*c**4/24 - 2*c**2. Suppose 3*k = -5*n - 13 - 15, n + 2 = 3*k. Calculate the remainder when 43 is divided by j(n).
13
Suppose -5*l + 0*l = -20. Let g = l + 6. Calculate the remainder when g is divided by 6.
4
Suppose -3*z + 224 = -91. Calculate the re